e
Is 114534057943 prime?
False
Is 44385367 prime?
False
Is 39296347546 a composite number?
True
Is 681968291 prime?
True
Is 4618058641 a prime number?
False
Is 2641448881 prime?
False
Is 190793773 composite?
True
Is 9005384359 prime?
True
Is 80744409643 a prime number?
True
Is 842108243 a composite number?
True
Is 2197928407 a composite number?
False
Is 384314761 a prime number?
False
Is 9370718429 a prime number?
True
Is 16152669991 a composite number?
False
Is 2758529689 prime?
False
Is 893263183 a prime number?
False
Is 5358363233 a composite number?
False
Is 1691074403 composite?
False
Is 281832983 a prime number?
False
Is 2414247001 a prime number?
True
Is 72230937853 a composite number?
False
Is 25046021449 a composite number?
False
Is 1865509927 prime?
False
Is 1730035163 a prime number?
False
Is 627753601 a prime number?
True
Is 1001363801 a composite number?
True
Is 157041701 prime?
False
Is 3026833023 composite?
True
Is 10201407859 a prime number?
False
Is 761722433 composite?
True
Is 187335390211 composite?
False
Is 63075977 composite?
False
Is 6791526563 composite?
False
Is 1884157409 prime?
True
Is 1277388131 composite?
True
Is 308150489 a prime number?
False
Is 3627941579 composite?
False
Is 880203043 a composite number?
False
Is 67063838 a composite number?
True
Is 420114839 a prime number?
True
Is 1920632429 a composite number?
True
Is 102358557941 a composite number?
False
Is 162346123 a prime number?
True
Is 11474172613 prime?
True
Is 17847689 a prime number?
True
Is 1516971293 a composite number?
False
Is 4174207 a prime number?
True
Is 72785934917 a composite number?
True
Is 501119621 a prime number?
True
Is 7813753439 prime?
False
Is 2237198863 a prime number?
False
Is 12631114673 composite?
False
Is 532979549 prime?
True
Is 28160822413 a prime number?
True
Is 12935114 prime?
False
Is 2077089251 prime?
False
Is 191394157 prime?
True
Is 698905223 prime?
False
Is 236659529599 a composite number?
False
Is 46745009915 composite?
True
Is 158003071 prime?
False
Is 1828323323 prime?
True
Is 531202279 composite?
True
Is 3000560663 composite?
False
Is 1208946881 a composite number?
False
Is 119857618 a composite number?
True
Is 117712339 a prime number?
True
Is 2183101793 prime?
False
Is 1197684731 a composite number?
True
Is 10924328249 a composite number?
True
Is 29022219949 composite?
False
Is 399110603 prime?
True
Is 175180661681 prime?
True
Is 657854501 composite?
False
Is 129184579 a composite number?
True
Is 3746001571 prime?
False
Is 1026829021 a composite number?
True
Is 891147385 composite?
True
Is 12213309527 a composite number?
False
Is 73385555417 prime?
True
Is 310276900399 prime?
True
Is 232575533 a composite number?
False
Is 85990100447 prime?
False
Is 1024405769 composite?
False
Is 12171840697 a composite number?
True
Is 3881742611 composite?
False
Is 499627649 prime?
True
Is 524713487 a prime number?
True
Is 28338055 a composite number?
True
Is 81272159 a prime number?
True
Is 7697335489 composite?
False
Is 32425725649 a prime number?
False
Is 28205523947 a prime number?
True
Is 1236857143 prime?
True
Is 320341709 a prime number?
True
Is 5654926439 prime?
True
Is 28853503963 composite?
True
Is 1476077501 prime?
False
Is 24619872539 a composite number?
False
Is 3062854243 composite?
False
Is 5319921193 a composite number?
False
Is 79436249 a prime number?
False
Is 6200329781 a composite number?
False
Is 186943959355 prime?
False
Is 35722680303 composite?
True
Is 6670675279 composite?
False
Is 5049558809 a composite number?
True
Is 14333085521 composite?
False
Is 15757675385 prime?
False
Is 3836769307 composite?
True
Is 7034243659 composite?
True
Is 25690443301 prime?
False
Is 303476423 composite?
False
Is 3136619461 a composite number?
True
Is 1624433051 prime?
False
Is 5357880307 prime?
False
Is 15798154121 prime?
True
Is 13589940941 a composite number?
True
Is 5322238807 prime?
False
Is 624791807 composite?
True
Is 62728208419 prime?
False
Is 5363387 prime?
True
Is 16190458441 composite?
False
Is 904869211 a prime number?
False
Is 83391278 a prime number?
False
Is 936165467 a prime number?
False
Is 680729347 composite?
False
Is 46923188941 prime?
False
Is 3621072869 a prime number?
True
Is 348971386 a prime number?
False
Is 1293623423 composite?
False
Is 9850817485 a prime number?
False
Is 1904894767 composite?
True
Is 178747183 a prime number?
True
Is 90957991339 a composite number?
False
Is 3453316829 a composite number?
False
Is 2981458091 prime?
True
Is 4338797263 a prime number?
True
Is 348541031 a composite number?
True
Is 37639610959 a composite number?
True
Is 9889242791 composite?
False
Is 52415107441 a prime number?
False
Is 2689615757 prime?
True
Is 34091140399 a composite number?
True
Is 2342324837 a composite number?
False
Is 3156720621 composite?
True
Is 16403648111 a composite number?
False
Is 38851844123 a prime number?
True
Is 75745589 a composite number?
True
Is 11778377414 prime?
False
Is 1498406113 a prime number?
True
Is 1180893647 a prime number?
True
Is 107609382553 composite?
False
Is 138281231633 a composite number?
True
Is 748771451 prime?
False
Is 44868469 composite?
True
Is 56031956129 a prime number?
False
Is 4779631 a composite number?
False
Is 2544662851 prime?
True
Is 9927373051 a prime number?
True
Is 95253115 a composite number?
True
Is 11100914623 a composite number?
False
Is 30090655601 prime?
True
Is 10888523839 prime?
False
Is 201947291891 composite?
True
Is 1601444347 a prime number?
True
Is 1025951507 prime?
False
Is 5349837547 prime?
True
Is 691833018119 prime?
True
Is 29482819 prime?
False
Is 29902635407 a prime number?
True
Is 2022664307 composite?
True
Is 29077516759 prime?
True
Is 10305155071 prime?
True
Is 75431826917 composite?
False
Is 82674530233 a prime number?
False
Is 14035057651 composite?
False
Is 19348587667 composite?
False
Is 7612445563 a prime number?
True
Is 2238727853 a prime number?
True
Is 53442602501 a composite number?
True
Is 77721517 composite?
False
Is 2036374493 composite?
True
Is 2212545229 composite?
False
Is 283359533 a prime number?
False
Is 13516419811 a composite number?
True
Is 129294318631 a composite number?
False
Is 2511918107 composite?
False
Is 55906823279 prime?
True
Is 626790881 prime?
True
Is 5820647771 prime?
True
Is 119663592779 a composite number?
True
Is 100899737 a composite number?
True
Is 32456717 prime?
True
Is 745483523 composite?
True
Is 470434043 a composite number?
True
Is 40427991929 a composite number?
True
Is 1680684638 a prime number?
False
Is 711464447 prime?
True
Is 16774404607 a prime number?
True
Is 230102959 composite?
False
Is 56588995 prime?
False
Is 63729603991 a composite number?
True
Is 140497873 a composite number?
False
Is 3280929271 a composite number?
False
Is 423098699 a prime number?
True
Is 3246506771 a prime number?
True
Is 9743079923 prime?
False
Is 4445532149 prime?
False
Is 12107652247 a composite number?
False
Is 35956748279 prime?
False
Is 172456624081 prime?
False
Is 885210059 a composite number?
False
Is 286275047 a prime number?
False
Is 24347648939 prime?
False
Is 597482237 prime?
False
Is 239763469 prime?
False
Is 147334009135 composite?
True
Is 2433922949 composite?
False
Is 550933879 composite?
False
Is 425965567 composite?
False
Is 1734185833 a composite number?
True
Is 15027948431 composite?
False
Is 89612231311 prime?
False
Is 1299549593 composite?
True
Is 1569391007 a composite number?
False
Is 844969771 a composite number?
False
Is 13977413 a composite number?
True
Is 13618081 prime?
False
Is 35828692239 composite?
True
Is 3664998031 composite?
False
Is 36966656141 composite?
True
Is 40615867 a composite number?
False
Is 1064696573 a prime number?
True
Is 44206895081 prime?
False
Is 482280989 a composite number?
False
Is 19120401799 a composite number?
True
Is 6290244041 composite?
True
Is 704218751 a composite number?
True
Is 299316079 a composite number?
False
Is 54221257 prime?
True
Is 31302401729 composite?
True
Is 45368214499 prime?
True
Is 152806826437 a prime number?
False
Is 1876271471 a prime number?
True
Is 13635059 a composite number?
False
Is 2217040949 a composite number?
True
Is 1544056997 a composite number?
True
Is 149553953 composite?
True
Is 3120600853 a comp